4, what is 2310001 + -12010?
2231331
In base 3, what is -1222012010202 - 21?
-1222012011000
In base 14, what is -495ab3 + -8?
-495abb
In base 10, what is -12912 + -3012?
-15924
In base 6, what is -1240454 + -1021?
-1241515
In base 2, what is 101 + -1110100101001000000010010010?
-1110100101001000000010001101
In base 7, what is -2012050155 - 0?
-2012050155
In base 6, what is 4 - 102133433?
-102133425
In base 5, what is 1120202 + 20412?
1141114
In base 11, what is -449420 - 6?
-449426
In base 10, what is 5 + 2064760?
2064765
In base 4, what is -10100 - 3311130011?
-3311200111
In base 8, what is -40131 - -110061?
47730
In base 15, what is -b0ad - -94?
-b019
In base 14, what is -d2c25c - 5?
-d2c263
In base 12, what is 3323 + 735?
3a58
In base 13, what is -aa13 + 172?
-a871
In base 16, what is 0 + -180f57?
-180f57
In base 7, what is -300154230 + -2?
-300154232
In base 8, what is 1 - -1316601750?
1316601751
In base 3, what is 12000222201 - 11011021?
11212211110
In base 12, what is -2394 + -4b12?
-72a6
In base 16, what is -977 - 1769b?
-18012
In base 10, what is 3584 + -4210?
-626
In base 15, what is -2622b9 - 4?
-2622bd
In base 4, what is -112321110 - -320002?
-112001102
In base 2, what is 11100000100100100110011 - 10010?
11100000100100100100001
In base 12, what is -51695 - -272?
-51423
In base 9, what is -118812240 - 3?
-118812243
In base 6, what is 0 - 323241244?
-323241244
In base 2, what is 1010101 - -11111100010111011?
11111100100010000
In base 6, what is -4 - 25551420121?
-25551420125
In base 10, what is 740417 - 166?
740251
In base 12, what is -4 - 2655ab95?
-2655ab99
In base 6, what is -111 - 124045253?
-124045404
In base 8, what is 405 + -3504570?
-3504163
In base 13, what is 10495 - -1710?
11ba5
In base 10, what is 1871 - 404?
1467
In base 6, what is -224 - -423452?
423224
In base 13, what is 16ca - 21416?
-1ca19
In base 15, what is -5 - 5ca2b44?
-5ca2b49
In base 5, what is 0 + -2141224202?
-2141224202
In base 5, what is 141310401 + -114?
141310232
In base 4, what is 2330 - 1222132300?
-1222123310
In base 12, what is 383 + -613b?
-5978
In base 2, what is 110 - -110100110111100?
110100111000010
In base 14, what is a - -b77c4?
b77d0
In base 14, what is -2 - 898535d?
-8985361
In base 8, what is -6 + -24745004?
-24745012
In base 3, what is -201121001221112001 - 0?
-201121001221112001
In base 16, what is -d8e299 + -2?
-d8e29b
In base 7, what is -16004 - 1420644?
-1436651
In base 15, what is -2d0c827 - -19?
-2d0c80d
In base 11, what is 1049 + -567?
592
In base 12, what is 279 + 2589?
2846
In base 5, what is 433322 + -2002?
431320
In base 16, what is fb023 + -1de?
fae45
In base 2, what is -101 + -10010100111010111001111?
-10010100111010111010100
In base 16, what is 5ae7 + c86?
676d
In base 13, what is 46 - 37c69a?
-37c654
In base 6, what is 2521504 - 325?
2521135
In base 10, what is -389962 - 126?
-390088
In base 12, what is 5155 + -404?
4951
In base 16, what is 1a + 1a19c?
1a1b6
In base 6, what is -320522122 - 12?
-320522134
In base 10, what is -3271 + 62458?
59187
In base 10, what is 8742 - -35876?
44618
In base 15, what is -20e + -c3298?
-c34a7
In base 12, what is 80714 + -5?
8070b
In base 15, what is 0 + 502a97?
502a97
In base 15, what is 4e1881e - 2?
4e1881c
In base 3, what is -1102211000 - 102121?
-1110020121
In base 4, what is 12232032121 + -122?
12232031333
In base 8, what is -40764 + 4230?
-34534
In base 13, what is -57 + -249869?
-2498c3
In base 4, what is -11102131 - -2110323?
-2331202
In base 16, what is fd8 - ee00?
-de28
In base 16, what is -9 + -184c753?
-184c75c
In base 16, what is -66e1 - 3ef6?
-a5d7
In base 13, what is -60a04b1 - -16?
-60a0498
In base 9, what is -1600073 + 48?
-1600024
In base 14, what is -2 + -1042b35?
-1042b37
In base 2, what is 11 + 10101010010111011000010?
10101010010111011000101
In base 12, what is -8628 + -5b3?
-901b
In base 8, what is -15675615 + -3?
-15675620
In base 13, what is 28a08c5 - -3?
28a08c8
In base 8, what is 612572 - 603?
611767
In base 2, what is 110010101101101011 - 111011?
110010101100110000
In base 4, what is 223 - 230310000130?
-230303333301
In base 8, what is 466507702 + 4?
466507706
In base 8, what is 160217 + 2742?
163161
In base 16, what is afbf94 - 3?
afbf91
In base 14, what is -2d6ba + 7c?
-2d63c
In base 10, what is 16424260 + 5?
16424265
In base 15, what is 4 - -294a4a?
294a4e
In base 8, what is 43573 + 14422?
60215
In base 9, what is -1551 + 85163?
83512
In base 9, what is 385227 + 26?
385254
In base 9, what is -580834817 + -4?
-580834822
In base 4, what is -2 + -310211213300?
-310211213302
In base 9, what is 1 + -32648364?
-32648363
In base 11, what is 166a60449 + 2?
166a60450
In base 15, what is -14094d1 + 3?
-14094cd
In base 10, what is 1078 - -27169?
28247
In base 15, what is 724e - -1982?
8bd1
In base 8, what is 1067161 - 5044?
1062115
In base 11, what is 217666 - -1450?
219006
In base 2, what is -1100 - -10111101010010010001?
10111101010010000101
In base 8, what is 1131 + -102176?
-101045
In base 2, what is 1000010010 + -1011000101101100000?
-1011000100101001110
In base 15, what is 5 + 508a0e?
508a14
In base 14, what is 262034 + 17?
26204b
In base 11, what is 1a78155 + 4?
1a78159
In base 3, what is -22120200022 + -1?
-22120200100
In base 5, what is -20022 - -424432?
404410
In base 13, what is 19b978 + -57c?
19b3c9
In base 6, what is -4020433 - 412?
-4021245
In base 3, what is -2210122222200112 - 21?
-2210122222200210
In base 6, what is 11 - 123111531?
-123111520
In base 11, what is -3aa + 269a0?
265a1
In base 3, what is -20 - 1111011212111?
-1111011212201
In base 3, what is 11021012 + -102121101?
-21100012
In base 10, what is -1 + -36088982?
-36088983
In base 7, what is -431 + 1050343?
1046612
In base 8, what is -6666632 + 377?
-6666233
In base 9, what is 1366 - -26005?
27372
In base 11, what is 155020 + 16?
155036
In base 16, what is 367 - 48160?
-47df9
In base 14, what is 17d4cb + -8?
17d4c3
In base 13, what is 620ca04 + -4?
620ca00
In base 13, what is -8586 + c?
-8577
In base 14, what is 14a452 + 4?
14a456
In base 2, what is -11111 + 10101000100001010011?
10101000100000110100
In base 3, what is 110010122 + -21002220?
12000202
In base 15, what is 7b5622 + 7a?
7b569c
In base 7, what is -4 + -13262245?
-13262252
In base 11, what is 64893 + 1?
64894
In base 5, what is 31043124132 + 1?
31043124133
In base 8, what is 2443415730 + -2?
2443415726
In base 10, what is 5 + 176282732?
176282737
In base 11, what is 2 - -271029a?
27102a1
In base 13, what is -3 - -7771933?
7771930
In base 6, what is -250 + -1421543?
-1422233
In base 8, what is 63171 + -6476?
54473
In base 13, what is 3397222 + -3?
339721c
In base 16, what is 6707 - 55b?
61ac
In base 6, what is 514510 - 12244?
502222
In base 10, what is -31032013 - -1?
-31032012
In base 7, what is 1621635 - -50?
1622015
In base 10, what is 39 + 3909397?
3909436
In base 2, what is -1100111 - -101001000110010?
101000111001011
In base 5, what is -12204113 + -1?
-12204114
In base 15, what is -b8 - b02?
-bba
In base 12, what is -605300 - -12?
-6052aa
In base 15, what is 4 + 1d0173d?
1d01742
In base 16, what is 45ff52 + -1f?
45ff33
In base 14, what is -596937 - 0?
-596937
In base 4, what is 22221 - 123030210?
-123001323
In base 11, what is -15422a - -a7?
-154133
In base 8, what is 3422 - 201721?
-176277
In base 14, what is -8 + 28123b?
281233
In base 13, what is -1a7 + 49898?
496c1
In base 2, what is 11110101110101 + -1100010011?
11101001100010
In base 3, what is 122 + -21222212110?
-21222211211
In base 12, what is 116155 - 18?
116139
In base 11, what is 87 + -3462137?
-3462060
In base 4, what is 10301 - 3230222321?
-3230212020
In base 7, what is -551160610 - 1?
-551160611
In base 4, what is -3 - 2011100232321?
-2011100232330
In base 11, what is 6 - -a6190241?
a6190247
In base 4, what is 222320002 - 10203?
222303133
In base 9, what is -7056 + -2748?
-10815
In base 16, what is -4a - 18c28b?
-18c2d5
In base 7, what is 122200 - 2640?
116230
In base 5, what is -2 + -14344341033?
-14344341040
In base 10, what is 83141 + 438?
83579
In base 16, what is -7 + -64c63e?
-64c645
In base 3, what is -2 + -2100101211110100?
-2100101211110102
In base 16, what is -6 + 10ee0bed?
10ee0be7
In base 8, what is 47000033 - -75?
47000130
In base 6, what is 44031115